{"id":9471,"date":"2022-06-24T12:04:01","date_gmt":"2022-06-24T10:04:01","guid":{"rendered":"https:\/\/vsspannberg.ac.at\/?page_id=9471"},"modified":"2024-11-26T22:09:54","modified_gmt":"2024-11-26T20:09:54","slug":"fotos","status":"publish","type":"page","link":"https:\/\/vsspannberg.ac.at\/?page_id=9471","title":{"rendered":"Fotos"},"content":{"rendered":"<p>Sie finden alle Fotos von unseren Aktivit\u00e4ten <a href=\"https:\/\/vsspannberg.sharepoint.com\/:f:\/s\/VSSpannberg2\/EnO8l8yrrppKljC7--5M9nYBcFvLJicZv02njnWoWnBiXA?e=tglpaa\">hier<\/a>!&nbsp;<\/p>\n<p>Wir w\u00fcnschen Ihnen viel Spa\u00df beim Anschauen! \ud83d\ude42&nbsp;<\/p>\n","protected":false},"excerpt":{"rendered":"<p>Sie finden alle Fotos von unseren Aktivit\u00e4ten hier!&nbsp; Wir w\u00fcnschen Ihnen viel Spa\u00df beim Anschauen! \ud83d\ude42&nbsp;<\/p>\n","protected":false},"author":11,"featured_media":0,"parent":0,"menu_order":0,"comment_status":"closed","ping_status":"closed","template":"","meta":{"ngg_post_thumbnail":0,"footnotes":""},"class_list":["post-9471","page","type-page","status-publish","hentry"],"_links":{"self":[{"href":"https:\/\/vsspannberg.ac.at\/index.php?rest_route=\/wp\/v2\/pages\/9471","targetHints":{"allow":["GET"]}}],"collection":[{"href":"https:\/\/vsspannberg.ac.at\/index.php?rest_route=\/wp\/v2\/pages"}],"about":[{"href":"https:\/\/vsspannberg.ac.at\/index.php?rest_route=\/wp\/v2\/types\/page"}],"author":[{"embeddable":true,"href":"https:\/\/vsspannberg.ac.at\/index.php?rest_route=\/wp\/v2\/users\/11"}],"replies":[{"embeddable":true,"href":"https:\/\/vsspannberg.ac.at\/index.php?rest_route=%2Fwp%2Fv2%2Fcomments&post=9471"}],"version-history":[{"count":3,"href":"https:\/\/vsspannberg.ac.at\/index.php?rest_route=\/wp\/v2\/pages\/9471\/revisions"}],"predecessor-version":[{"id":9589,"href":"https:\/\/vsspannberg.ac.at\/index.php?rest_route=\/wp\/v2\/pages\/9471\/revisions\/9589"}],"wp:attachment":[{"href":"https:\/\/vsspannberg.ac.at\/index.php?rest_route=%2Fwp%2Fv2%2Fmedia&parent=9471"}],"curies":[{"name":"wp","href":"https:\/\/api.w.org\/{rel}","templated":true}]}}